 39450?
3
What is the hundreds digit of 1794?
7
What is the tens digit of 28579?
7
What is the units digit of 6127?
7
What is the tens digit of 226?
2
What is the thousands digit of 1453?
1
What is the hundreds digit of 6025?
0
What is the hundreds digit of 843?
8
What is the thousands digit of 1101?
1
What is the units digit of 343?
3
What is the units digit of 938?
8
What is the units digit of 1118?
8
What is the units digit of 68758?
8
What is the hundreds digit of 4471?
4
What is the hundreds digit of 5538?
5
What is the tens digit of 1841?
4
What is the tens digit of 11633?
3
What is the tens digit of 6968?
6
What is the hundreds digit of 6996?
9
What is the tens digit of 13568?
6
What is the tens digit of 4513?
1
What is the units digit of 33?
3
What is the units digit of 48612?
2
What is the tens digit of 18523?
2
What is the units digit of 4013?
3
What is the hundreds digit of 692?
6
What is the thousands digit of 12494?
2
What is the tens digit of 4274?
7
What is the units digit of 513?
3
What is the tens digit of 1174?
7
What is the thousands digit of 67307?
7
What is the tens digit of 50160?
6
What is the hundreds digit of 6697?
6
What is the tens digit of 12038?
3
What is the units digit of 3949?
9
What is the units digit of 58689?
9
What is the units digit of 665?
5
What is the tens digit of 72?
7
What is the hundreds digit of 10404?
4
What is the ten thousands digit of 17121?
1
What is the ten thousands digit of 18734?
1
What is the units digit of 2927?
7
What is the thousands digit of 1650?
1
What is the hundreds digit of 41671?
6
What is the hundreds digit of 34861?
8
What is the units digit of 625?
5
What is the hundreds digit of 23440?
4
What is the hundreds digit of 16789?
7
What is the tens digit of 1382?
8
What is the thousands digit of 2017?
2
What is the thousands digit of 45105?
5
What is the ten thousands digit of 18876?
1
What is the units digit of 285?
5
What is the tens digit of 38534?
3
What is the tens digit of 13?
1
What is the units digit of 60817?
7
What is the ten thousands digit of 19072?
1
What is the tens digit of 18672?
7
What is the hundreds digit of 1788?
7
What is the tens digit of 9491?
9
What is the units digit of 48282?
2
What is the hundreds digit of 430?
4
What is the units digit of 15226?
6
What is the units digit of 2304?
4
What is the units digit of 23267?
7
What is the thousands digit of 1493?
1
What is the hundreds digit of 5548?
5
What is the units digit of 386?
6
What is the thousands digit of 2686?
2
What is the tens digit of 7858?
5
What is the tens digit of 16386?
8
What is the units digit of 1075?
5
What is the tens digit of 4485?
8
What is the hundreds digit of 68566?
5
What is the tens digit of 541?
4
What is the hundreds digit of 1148?
1
What is the tens digit of 3564?
6
What is the tens digit of 6521?
2
What is the tens digit of 1741?
4
What is the units digit of 755?
5
What is the ten thousands digit of 25407?
2
What is the tens digit of 3027?
2
What is the thousands digit of 1155?
1
What is the ten thousands digit of 105922?
0
What is the thousands digit of 3513?
3
What is the thousands digit of 21095?
1
What is the thousands digit of 2356?
2
What is the units digit of 1167?
7
What is the units digit of 2101?
1
What is the units digit of 4292?
2
What is the tens digit of 150?
5
What is the hundreds digit of 2393?
3
What is the hundreds digit of 4863?
8
What is the hundreds digit of 4692?
6
What is the thousands digit of 1591?
1
What is the hundreds digit of 8145?
1
What is the tens digit of 740?
4
What is the thousands digit of 10602?
0
What is the tens digit of 1116?
1
What is the units digit of 2146?
6
What is the hundreds digit of 1624?
6
What is the hundreds digit of 4825?
8
What is the hundreds digit of 844?
8
What is the units digit of 2251?
1
What is the units digit of 590?
0
What is the units digit of 411?
1
What is the units digit of 12109?
9
What is the tens digit of 2200?
0
What is the tens digit of 1241?
4
What is the units digit of 5987?
7
What is the units digit of 1254?
4
What is the hundreds digit of 4649?
6
What is the ten thousands digit of 85436?
8
What is the tens digit of 46859?
5
What is the tens digit of 5115?
1
What is the units digit of 329?
9
What is the tens digit of 45101?
0
What is the units digit of 59397?
7
What is the units digit of 47846?
6
What is the thousands digit of 2947?
2
What is the units digit of 908?
8
What is the thousands digit of 135943?
5
What is the ten thousands digit of 13778?
1
What is the thousands digit of 9068?
9
What is the tens digit of 6505?
0
What is the units digit of 971?
1
What is the tens digit of 7692?
9
What is the hundreds digit of 5176?
1
What is the ten thousands digit of 21695?
2
What is the units digit of 481?
1
What is the units digit of 39?
9
What is the units digit of 2581?
1
What is the units digit of 56048?
8
What is the tens digit of 776?
7
What is the units digit of 4123?
3
What is the hundreds digit of 17593?
5
What is the thousands digit of 10478?
0
What is the units digit of 775?
5
What is the thousands digit of 5481?
5
What is the units digit of 385?
5
What is the units digit of 130?
0
What is the thousands digit of 2256?
2
What is the hundreds digit of 34985?
9
What is the thousands digit of 86446?
6
What is the hundreds digit of 842?
8
What is the ten thousands digit of 24482?
2
What is the tens digit of 79?
7
What is the thousands digit of 39723?
9
What is the units digit of 6825?
5
What is the tens digit of 1279?
7
What is the thousands digit of 17556?
7
What is the thousands digit of 2540?
2
What is the units digit of 51?
1
What is the tens digit of 294?
9
What is the tens digit of 7386?
8
What is the tens digit of 2105?
0
What is the units digit of 73921?
1
What is the thousands digit of 30732?
0
What is the hundreds digit of 425?
4
What is the units digit of 517?
7
What is the ten thousands digit of 21782?
2
What is the tens digit of 6936?
3
What is the units digit of 14699?
9
What is the units digit of 9353?
3
What is the thousands digit of 30954?
0
What is the units digit of 13543?
3
What is the tens digit of 4270?
7
What is the hundreds digit of 22943?
9
What is the thousands digit of 20179?
0
What is the hundreds digit of 673?
6
What is the tens digit of 42149?
4
What is the units digit of 517?
7
What is the units digit of 2274?
4
What is the hundreds digit of 5797?
7
What is the hundreds digit of 1282?
2
What is the tens digit of 1735?
3
What is the thousands digit of 3331?
3
What is the tens digit of 16758?
5
What is the hundred thousands digit of 137703?
1
What is the units digit of 4650?
0
What is the thousands digit of 10255?
0
What is the units digit of 816?
6
What is the units digit of 1062?
2
What is the units digit of 3483?
3
What is the units digit of 851?
1
What is the units digit of 27094?
4
What is the hundreds digit of 361?
3
What is the thousands digit of 7652?
7
What is the thousands digit of 22713?
2
What is the units digit of 21652?
2
What is the units digit of 21402?
2
What is the units digit of 2378?
8
What is the units digit of 973?
3
What is the ten thousands digit of 149632?
4
What is the hundreds digit of 173?
1
What is the tens digit of 46069?
6
What is the units digit of 1549?
9
What is the units digit of 1504?
4
What is the tens digit of 294?
9
What is the ten thousands digit of 27821?
2
What is the tens digit of 20178?
7
What is the ten thousands digit of 14081?
1
What is the tens digit of 5798?
9
What is the units digit of 2138?
8
What is the hundreds digit of 866?
8
What is the tens digit of 63445?
4
What is the thousands digit of 9109?
9
What is the hundreds digit of 49828?
8
What is the units digit of 8468?
8
What is the thousands digit of 15118?
5
What is the units digit of 58414?
4
What is the units digit of 6643?
3
What is the tens digit of 20?
2
What is the hundreds digit of 9321?
3
What is the hundreds digit of 817?
8
What is the hundreds digit of 5402?
4
What is the tens digit of 5963?
6
What is the tens digit of 456?
5
What is the thousands digit of 2452?
2
What is the units digit of 85837?
7
What is the units digit of 14818?
8
What is the units digit of 9813?
3
What is the hundreds digit of 6433?
4
What is the ten thousands digit of 22845?
2
What i